 252 = f + 6*f. Let d = f - v. What is the greatest common divisor of 9 and d?
9
Suppose -16*h - 15*h + 558 = 0. What is the greatest common factor of h and 18?
18
Suppose 80 = 2*r + 5*x + 26, 0 = r + 3*x - 28. What is the highest common factor of 99 and r?
11
Suppose i + 4*j - 46 + 2 = 0, 0 = 3*j - 9. Let w = 35 - i. What is the greatest common divisor of 2 and w?
1
Let h(s) = 33*s**3 + 1. Let u be h(1). Suppose 0 = 4*i - 6*i + 5*x + u, -56 = -4*i + 4*x. What is the greatest common divisor of 132 and i?
12
Suppose 7 = y - 3*c, c + 0*c = 3*y + 19. Let m be (-17 - y)/(2/(-2)). What is the highest common divisor of 18 and m?
9
Suppose 0 = 3*n - 5*n + 12. Suppose -n = -3*p + 15. Suppose -11*w + p*w + 324 = 0. What is the highest common factor of w and 9?
9
Let j be (15 - 11) + -11 + 119. Calculate the highest common factor of 7 and j.
7
Suppose 7*o = 8089 - 2132. Calculate the highest common factor of 37 and o.
37
Let w = 8 - 3. Suppose -w*u - 5*b = -5855, u + 4*b + 5846 = 6*u. Suppose -i + 5*f = 4*i - u, -4*i = f - 921. Calculate the highest common factor of 33 and i.
33
Let t(z) = 10*z - 16. Let i be t(9). What is the highest common divisor of i and 1406?
74
Let u = 1709 - 293. Calculate the highest common factor of 8 and u.
8
Let w = 597 - 100. Calculate the greatest common divisor of 71 and w.
71
Suppose 0 = -4*v + 2*s + 544, 410 = 3*v - 0*v - s. Suppose -2*o + 3*d = -22 - v, -4*o = -4*d - 320. Calculate the highest common divisor of o and 32.
16
Let q be 1/(4/2115) - (-10)/40. Calculate the highest common factor of 23 and q.
23
Let c = 1358 + -940. Let w(r) = r - 97. Let n be w(135). Calculate the greatest common factor of c and n.
38
Let z = -5 - -9. Suppose -8 = z*n - 48. Calculate the highest common factor of 20 and n.
10
Let q be (-380)/(-7) - 4/14. Suppose 6*m + 5*y + 260 = m, -5*m = 3*y + 260. Let r = -16 - m. What is the greatest common factor of r and q?
18
Let x = 28 - 28. Suppose 4*o - 126 = -2*n, x = -2*o - 3*o - 4*n + 150. Let i = -18 + o. Calculate the highest common factor of i and 64.
16
Let j(n) = n**2 + 5*n + 13. Let c = 6 + -11. Let o be j(c). Let k be 2/(-4) + 315/6. Calculate the highest common divisor of k and o.
13
Let y be (6*5)/((-29)/(-203)). What is the highest common factor of y and 70?
70
Let x(b) = 2*b**2 - 4*b + 57. Let r be x(6). What is the greatest common divisor of r and 175?
35
Let t(w) = 43*w**2 + 2*w. Let c = 4 - 6. Let o be t(c). Suppose -94 = -4*n - d, 5*d + 23 + 59 = 3*n. Calculate the greatest common factor of n and o.
24
Let u = 318 - 288. Calculate the highest common divisor of u and 90.
30
Let j = 879 - 872. What is the highest common factor of 25 and j?
1
Suppose 144 = 2*p + 2*p. Suppose -5 = -5*l, m + m + 4 = 2*l. Let o be (-180)/24*8/5*m. Calculate the highest common factor of p and o.
12
Suppose -2*c = 2*j - 92, -2*c - 3 = 1. Calculate the greatest common divisor of j and 768.
48
Suppose -2*w + 4*f + 2 = 0, 5*f + 6 = -4. Let y = 15 + -14. Let c = y - w. What is the highest common divisor of 4 and c?
4
Let m(c) = 83*c**2 - 30*c + 10. Let h be m(3). What is the greatest common factor of h and 29?
29
Let m be (-5)/240*-12 - (-126)/8. What is the highest common divisor of m and 512?
16
Let i = -241 + 163. Let j = i + 118. What is the greatest common factor of 8 and j?
8
Suppose 0 = -3*b + b + 320. Let h = 347 - b. What is the highest common factor of h and 17?
17
Let i(z) = 15*z - 6. Let f be i(1). Let q be (-3)/(-5) - 68/(-20). Suppose q*j = 5*j - 72. Calculate the highest common divisor of f and j.
9
Let n = 356 - 344. What is the greatest common factor of 20 and n?
4
Let j be (-85)/(-25) + 12/(-30). Suppose 21*d - j*d - 864 = 0. What is the greatest common factor of 24 and d?
24
Let s(v) = -v**2 + v. Let q be s(3). Let l = q - -9. Suppose -l*o + 1158 = 5*w, 0*w - w - 5*o = -236. What is the greatest common factor of w and 21?
21
Let i = 9731 + -9722. Let r be 2/6 + 591/9. Suppose 4*a + 300 = 4*c, 3*a = -c + a + r. What is the greatest common divisor of i and c?
9
Let q = 175 - 22. What is the highest common divisor of q and 9?
9
Suppose -4*t = 5*k - 78, 52 = 4*k + 5*t - 7*t. Suppose 5*v + 60 = z, 21 + 55 = z + 3*v. Calculate the greatest common divisor of k and z.
14
Let f(x) = -25*x + 14*x + 14*x + 44 + 5*x. Let m be f(11). Calculate the highest common factor of m and 24.
12
Let d be 276/(-30) + 9 + (-1261)/(-5). What is the greatest common factor of 12 and d?
12
Let y be (-4)/(-14) + -6*33/(-42). Calculate the highest common factor of 5 and y.
5
Let v = 5 - 2. Suppose -v*s + 825 = 2*s. Suppose 10*f - 129 = 21. Calculate the highest common factor of f and s.
15
Suppose 12 = -0*g + 2*g. Suppose 10 = 5*q - k, 0 = -0*q - 2*q - 2*k + 4. Suppose 3*d = 8 - q. What is the greatest common divisor of d and g?
2
Suppose -192 = 201*j - 213*j. Calculate the greatest common divisor of j and 688.
16
Suppose -3*y + 36 = y. Suppose 3*u + 0*u - 357 = 0. Let f = u - 47. What is the greatest common factor of y and f?
9
Let q(m) = m**3 - m + 33. Let u be q(0). Let x be (-6 - 7) + 8 + 0 + 8. Calculate the highest common divisor of x and u.
3
Let d = -8 + 18. Suppose -7*r + d*r = 162. What is the greatest common divisor of r and 27?
27
Let y = 300 + -255. What is the highest common factor of 240 and y?
15
Let s(c) = -3*c**3 + 1 + 0 - 10 + 8*c + 2*c**3 + 5*c**2. Let l be s(6). Suppose l*d + 72 = 6*d. What is the highest common divisor of d and 36?
12
Suppose -4*y + 45 = -67. Let j be -49 - (1 - 1)*-1. Let v = -21 - j. Calculate the greatest common divisor of v and y.
28
Suppose 5*b + 1 = -3*g + 2, -b - g = 1. Suppose -b*q + 30 = a, -50 = -4*a + 5*q + 5. Suppose 0 = -c - 4*c + a. What is the greatest common factor of c and 28?
4
Let h = -924 - -936. Let w be (-4 + 3)/(1/(-4)). Calculate the highest common divisor of h and w.
4
Let c be ((-2)/4)/(1/(-24)). Suppose -165*n - 2*q + 16 = -159*n, -5*n + 2*q + 17 = 0. What is the greatest common divisor of n and c?
3
Let f be ((-1800)/(-24))/((-1)/(-11)). What is the highest common divisor of f and 110?
55
Let k = -7 - -13. Let s be (-1086)/(-24) + (-2 - 33/(-12)). Suppose -s*r = -51*r + 60. Calculate the highest common factor of k and r.
6
Let k be ((-12)/(-10))/(1*(-6)/(-140)). Suppose -2*h + 270 = 46. Calculate the highest common divisor of k and h.
28
Suppose 3*x - 69 = 5*x - 3*z, -4*z = 4*x + 88. Let c = -15 - x. Calculate the greatest common factor of 108 and c.
12
Let l(j) = j**2 - 5*j + 3*j - 1 + 3. Let q be l(2). Calculate the greatest common factor of 22 and q.
2
Suppose -8*n + 5*n + 232 = -2*w, 5*n - 390 = 4*w. What is the greatest common factor of n and 333?
37
Suppose -2*f - j + 701 = 0, -5*j = 10 - 5. What is the highest common factor of 54 and f?
27
Let t = 800 + -490. Calculate the greatest common divisor of 10 and t.
10
Suppose -341 = 15*m + 4474. Let g be m/(-3) - (-3 - (-2 + 2)). What is the greatest common factor of 22 and g?
22
Let d be (4 + 0)/(-16) + (-2196)/(-144). Let j(c) = 134*c**3 + c. Let m be j(1). Calculate the greatest common divisor of m and d.
15
Let j(f) = f**2 - 23*f + 59. Let w be j(25). Suppose -5*s + 167 = -2*n, 0*s - 3*s + w = n. What is the highest common factor of 5 and s?
5
Let n be ((-8)/((-352)/(-99)))/((-3)/4). Calculate the greatest common divisor of 2 and n.
1
Let b(q) = -q + 16. Let m be 8/14 - (-261)/21. Let a be b(m). Suppose 2*i + 20 = a*i. What is the greatest common factor of 4 and i?
4
Let y be ((-108)/(-45))/(2/(-10)*(-1)/2). Let t be 1*(-1 + 9 + -2). Let j be 16/t - 2/(-6). What is the highest common divisor of j and y?
3
Let p = -1 - 19. Let q be ((-24)/(-16))/(2/p). Let y be -132*((-5)/q)/(-1). Calculate the greatest common divisor of 11 and y.
11
Let u = -88 - -91. Let n be 2*(-5)/10 + u. Calculate the greatest common factor of 14 and n.
2
Let j(a) = -a**3 + a + 1. Let p be (10/(-25))/((-1)/(-5)). Let c be j(p). Let n = -46 + 109. What is the highest common factor of n and c?
7
Let h = 2387 + -1387. What is the highest common factor of h and 60?
20
Let k(t) = -21*t + 6. Let g be k(-1). Calculate the highest common factor of g and 135.
27
Let w(k) = 5*k - 2. Let m be w(5). Let c = -11 + m. Let d = 56 - -76. What is the highest common factor of c and d?
12
Let m(r) = -r**3 + 9*r**2 + 2*r - 10. Let j = -41 + 50. L